3 - r**2 + 0 + 1/12*r**4. Give x(-2).
-2
Let a(p) = p - 3. Let l(q) = -q**2 + 11*q - 2. Let g(f) = 2*a(f) - l(f). Determine g(10).
6
Let d be ((-2)/(-3))/(2/(-3)). Let q(k) be the first derivative of -3*k**4/2 + k**2/2 + k + 38. Calculate q(d).
6
Let h(u) = -u**3 + 7*u**2 - 3. Let y(b) = -3*b**3 + 21*b**2 - 10. Let r(m) = -7*h(m) + 2*y(m). Calculate r(7).
1
Let h(m) = -m**3 + 7*m**2 - 7*m + 8. Let v(g) = -g**2 + 37*g - 127. Let k be v(33). Give h(k).
23
Let p(h) = 0 - 179*h - 1 + 175*h. Calculate p(-3).
11
Let d be -10*(-1 + 3/6). Let w(m) be the first derivative of -7*m + 2 - 1/3*m**3 + 4*m**2. Give w(d).
8
Suppose -31 = v + 5*z, 4*v + z + 29 = -0*z. Let b be 0 - 46/(-6) - v/(-9). Let f(s) = s**2 - 4*s - 3. Calculate f(b).
18
Let g = -403 - -397. Let q(c) = c**3 + 6*c**2 - 1. Calculate q(g).
-1
Let f(x) be the second derivative of x**3/6 - 3*x**2 + 613*x. What is f(6)?
0
Let q = -2779 + 2786. Let u(x) = 2*x**2 - 15*x + 10. Determine u(q).
3
Suppose -4*k = 4*f + 32, 0 = 4*f + k - 11 + 43. Let p(h) = h**2 + 8*h + 7. Let i be p(f). Suppose w + i = 2. Let t(l) = -l**2 - 5*l - 4. Determine t(w).
-4
Let t(k) = -25*k**3 + 35*k**2 - 52*k - 18. Let u(n) = 9*n**3 - 12*n**2 + 18*n + 6. Let l(c) = -4*t(c) - 11*u(c). Give l(6).
-6
Let x be 14/(-4) - -4 - 375/6. Let k = x - -62. Let g(s) = s + 10. Calculate g(k).
10
Suppose 0 = -3*q - 15, 0*j - 21 = j + 5*q. Suppose j*r - 4 = 16. Suppose m = -r + 8. Let b(x) = -x**2 + 4*x - 3. Give b(m).
0
Let a(m) be the first derivative of -m**2/2 - 7*m - 1. Let g = 33 + -30. Suppose -6*o = -2*o - g*c + 16, 3*c = o - 5. Calculate a(o).
0
Let f = -6 + 9. Suppose 4*v + v + f*l + 21 = 0, -l = 2*v + 9. Let b(k) = -6*k**2 + 7*k**2 - k**2 - 5*k - 9 - k**2. Give b(v).
-15
Let q = 9 - 7. Suppose q*y + 2*y + 2*u - 42 = 0, 15 = 3*u. Let z(l) = -6 + 7*l - 3 - 2 - y*l. Give z(0).
-11
Let b(s) = -2*s**2 - 5*s - 4. Let a = 310 + -313. Calculate b(a).
-7
Let c(m) = m + 1. Let y = 18 - 2. Suppose -o - 4*j = o - y, 3*o = 2*j + 16. Calculate c(o).
7
Let v be (-60)/(-9)*12/(-8). Let m(y) = y - 8. What is m(v)?
-18
Let y(s) = -s**3 - 10*s**2 + 13*s + 13. Let o = -139 - -128. Determine y(o).
-9
Suppose 3*i = -2*s - 1 - 20, -3*s - 4*i - 29 = 0. Let x(n) be the first derivative of -n**3/3 - n**2/2 + 2*n - 1. Give x(s).
-4
Let u(y) = -75 + 3*y - 75 + 4*y - 2*y + 148. Let s = 6 + -4. Calculate u(s).
8
Suppose -s - 2 = -t + 8, 5*t - 3*s - 48 = 0. Let n(w) = -w + 14. Give n(t).
5
Let i(v) = 11*v - 474*v**3 + 7*v**2 - 7 - 481*v**3 + 956*v**3. What is i(-4)?
-3
Let t(v) be the first derivative of v**4/4 + 3*v**3 + 3*v**2 - 818. Calculate t(-8).
16
Suppose -l = -0*q + 3*q - 11, 3*q - 3 = -3*l. Let s(h) be the third derivative of h**4/12 + h**3/2 + 269*h**2. Determine s(l).
-5
Let o be (1 - 3 - -3)/(2/8). Suppose -7*c - 4 = 2*q - 4*c, 0 = c + o. Let z(t) = t - 5. What is z(q)?
-1
Suppose -3*p + 8 = 2. Suppose -p*a - 57 = 5*f, 3*a = 2*f - 5 - 33. Let d = 11 + a. Let k(n) = n - 3. Determine k(d).
-8
Suppose 25*r - 23*r = 5*x - 34, -15 = -3*x + 3*r. Let j(c) = 6*c - 44. Calculate j(x).
4
Let i(j) = -j**3 - 5*j**2 + 2. Let a be i(-5). Suppose -a = -g + 1. Let h(v) = 3*v**2 + 2 - g*v**2 - 3*v**2 + 2*v + 4*v**2. Give h(-2).
2
Let s(f) = 16*f**2 - 175*f - 26. Let d be s(11). Let q(y) = -y**3 - 14*y**2 + 16*y + 18. Calculate q(d).
3
Let t be 2 + 1 - 21/(-1). Suppose 2*l - 36 = -5*k, 0*k - t = -2*k - 4*l. Let y(r) = -r**3 + 4*r**2 + 9*r - 1. Determine y(k).
-19
Let q(b) = b - 18. Let k be ((-8)/(-144)*9)/((-2)/(-44)). Calculate q(k).
-7
Let j = -32 - -43. Suppose 2*k = -k - 4*a + j, -3*k - 29 = -4*a. Let d(p) = p + 4. Give d(k).
1
Let l(r) be the first derivative of -7*r**2/2 + r + 16. Give l(2).
-13
Let o be 6*-1 + (2 - 5). Let u(c) be the third derivative of -c**5/60 - c**4/3 + c**3/6 + 36*c**2. What is u(o)?
-8
Let w(h) = h**3 + h**2 + 3*h + 1. Let z(q) = -q**3 - 2*q**2 - 6*q - 1. Let y(o) = -4*w(o) - 3*z(o). What is y(4)?
-9
Suppose -3 = -2*s + 5*q + 21, 2*q - 3 = -s. Let t(k) = -3 - k + 3 + s*k**3. Let p be ((-63)/5 + 13)/((-6)/(-15)). Determine t(p).
6
Let q = 494 + -1481/3. Let l(h) be the second derivative of 0 - 5*h - h**2 - 1/20*h**5 - 1/2*h**4 - q*h**3. Give l(-6).
10
Let c be (2 - (6 + -3))*4. Let x be 1 - (-1)/(c/(-4)). Let f(t) = 8*t + x - 9*t - 1. Determine f(-2).
3
Suppose 2*l = -2*r + 4*l + 8, 5*r - 55 = -2*l. Suppose -r*x + 8*x = -4. Let g(v) = 2*v**3 + 5*v**2 + 2 + 4 - 4*v - 3*v**3 + 0*v**2. Give g(x).
6
Let w(f) = -2*f**2 + 15*f + 9. Let j(z) = -5*z**2 + 31*z + 19. Let r(u) = 3*j(u) - 7*w(u). Give r(-10).
14
Suppose -s - 84 - 49 = -5*f, -3*f + 79 = -s. Let q(w) = -3*w + 30 - 53 + f. Determine q(5).
-11
Let b(q) = 2*q - 2. Let t be b(3). Suppose -3*y - t + 13 = 0. Let h(x) = -2 - y + 2*x + 4. What is h(-2)?
-5
Suppose 0 = -b - 5*j + 6, -5*b - j + 51 = 3*j. Suppose 0 = 4*d - r - 26, -2*r - 3*r = -3*d + b. Let k(q) = q**3 - 8*q**2 + 7*q + 2. Calculate k(d).
2
Let u(a) = 3*a**2 - 23*a - 22. Let t(w) = w**2 - 8*w - 7. Let m(k) = 8*t(k) - 3*u(k). Let b(g) = 4*g**2 + 7*g - 8. Let s be b(-3). Determine m(s).
-4
Suppose r = 3 + 1. Let n(y) = -r*y - 163*y**2 - 3 + 4 + 0 + 162*y**2. Determine n(-5).
-4
Let i(z) = 3*z**2 - 14 + z**2 + 2*z - 2*z**2 + 12 - z**3. Calculate i(3).
-5
Let v(b) = 3*b - 2*b + 2786 - 2789. Give v(-8).
-11
Let o(s) be the second derivative of -s**5/5 - s**4/6 + s**3/6 + 109*s + 4. Calculate o(1).
-5
Let n(g) = 4*g - 1. Let s(r) = -2*r**3 + 37*r**2 - 21*r + 16. Let v be s(18). Let f(m) = 12*m - 4. Let d be f(-3). Let j = d - v. Give n(j).
-9
Suppose -3*b + 26 = -4*f - 2*b, -11*b + 40 = -3*f. Let r(v) be the second derivative of v**5/20 + 7*v**4/12 + 7*v**3/6 - v**2/2 + v. Give r(f).
-7
Let y(z) = -7 - 2 - z - 6. Suppose -3 + 14 = -v. Let b be y(v). Let j(f) = -f**2 - 4*f - 1. Determine j(b).
-1
Let c(h) = 254 - h - 509 + 256. Calculate c(3).
-2
Let d(w) = -5*w - 83 - 3*w + 80. What is d(-4)?
29
Suppose -3*r + 130 = 2*r. Suppose -2*o - 28 = -5*o + 2*j, -j = -3*o + r. Let f(t) = -2*t - 6 - 2*t**3 + o - 3*t + 4*t - 4*t**2. What is f(-2)?
4
Let l(d) = d**3 + 2*d + 0*d**3 + 3 + 3*d + 5*d**2. Let o be (-99)/(-132) - (-646)/(-8). Let s = -84 - o. Determine l(s).
-1
Let i be 1/(3 - 2)*0. Let w(t) be the first derivative of -t**3/3 + t**2/2 - 911. Determine w(i).
0
Let s(d) be the third derivative of d**6/360 - d**5/20 - d**4/24 - 2*d**3 - 15*d**2. Let q(x) be the first derivative of s(x). What is q(6)?
-1
Let o(m) = -19*m**2 + 20*m + 14. Let y(z) = -6*z**2 + 13*z - 1. Let r(f) = -f + 1. Let g(k) = 6*r(k) + y(k). Let l(p) = 17*g(p) - 6*o(p). Give l(1).
12
Let l be ((-378)/210)/((-3)/(-45)). Let q(m) = m**3 + 26*m**2 - 26*m + 33. What is q(l)?
6
Let n(s) = -14*s - 7. Let k(w) be the first derivative of 5*w**2/2 + 2*w - 10. Let z(c) = 17*k(c) + 6*n(c). Give z(6).
-2
Let u(r) = r - 2. Let p(n) = 3*n - 12. Let l be p(3). Let q be (-55)/(-10) + l/(-6). What is u(q)?
4
Suppose 7*r = 11*r - 20, 23 = 2*v + 5*r. Let n(m) = -7*m**3 + 2*m**2 + 2*m. Let q(o) = 3*o**3 - o**2 - o. Let g(l) = -6*n(l) - 13*q(l). Determine g(v).
-3
Let w(n) = 2*n - 47. Let m(g) = 6*g - 117. Let v(u) = -5*m(u) + 12*w(u). Calculate v(3).
3
Let d(q) = -29*q - 2. Suppose -4*v + 3*v + 3*t - 1 = 0, 5*t + 5 = -5*v. Give d(v).
27
Suppose 0 = -5*v - j - 3, 0*v = -3*v - 3*j + 3. Let w(y) be the second derivative of 7*y**4/12 + y**3/3 + y**2/2 - 2*y. Calculate w(v).
6
Let x(b) = -6*b**2 + b. Let w be 3/3 - 0 - -2. Let t be (-2)/4 - -3 - (-2)/(-4). Suppose -t = -0*c + c + o, -w*c + 4*o = -1. Determine x(c).
-7
Let q = 15 - 10. Suppose -5*f = -10*f + q. Let d(s) = -3*s**2 + 1. Calculate d(f).
-2
Let j = -31 - -33. Suppose 4*f + 4*g - 2*g = j, 4*f + g + 3 = 0. Let w(k) = k**2 - 1. Calculate w(f).
3
Let n = -74 + 74. Suppose n = -12*b - 3 - 9. Let m(o) = 14*o - 1. What is m(b)?
-15
Let m(x) = 10*x - 218 + 115 + 105. Determine m(2).
22
Let p(c) = c**2 + 5*c + 3. Suppose -157 = -6*r + 29. Let n = 27 - r. Calculate p(n).
-1
Let i be ((-3)/2)/(9/(-24)). Let u be (-4)/(-2)*2/i. Suppose -3*d + u = 7. Let m(t) = 5*t + 3. Determine m(d).
-7
Let k(x) = x**3 - 4*x**2 - 4*x - 7. Let j = -18 + 18. Let r be 3 + (-1 - (j - -1)). Let s be r + (-7)/(28/(-16)). Give k(s).
-2
Suppose -9*m + 6*m = 15. Let i(v) = -4*v - 2. Let p(g) = -g - 1. Let h(d) = m*p(d) + i(d). Give h(-6).
-3
Let u = 76 + -73. L